 is the thousands digit of a(4)?
2
Let i(r) = 80*r - 42. Let m be i(12). Suppose -18*c = -9*c - m. What is the units digit of c?
2
Suppose -201*x + 134*x + 105448 = 129*x. What is the tens digit of x?
3
What is the units digit of 30403 - (-8 + (-2 + 2 - (2 - 4)))?
9
Let q(j) = j**3 + 26*j**2 - 960*j - 19. What is the hundreds digit of q(24)?
7
Let l(y) = -2*y**3 + y**2 + 2*y + 2. Let n be l(-1). Suppose 0 = -n*j - 4*x + 1212, -3*j - 12*x = -11*x - 1203. What is the tens digit of j?
0
Suppose -58*u + 167*u - 726812 = 0. What is the thousands digit of u?
6
What is the hundreds digit of (-115 + 120)/(20/28136 + 0)?
0
Let x = 36 + -13. Suppose x*y - 28*y = -5. What is the units digit of 2541/44 + y/4?
8
Let j = 877 - 459. Let r = j + -176. What is the tens digit of r?
4
Suppose -4*f = f + 280. Suppose -100*w = -110*w - 20. What is the tens digit of (-688)/f - w/(-7)?
1
Suppose 96 = -3*y + 2*b, -y + 3*b = 4*y + 159. Suppose -3*w + 107 = 2*k, 2 = -2*w - 0. Let q = y + k. What is the units digit of q?
5
Let v(u) = u**2 + 4*u - 7. Let h be v(-6). Suppose -h*o + 10 = 0, -989 = -3*q - 5*o - 157. What is the hundreds digit of q?
2
Let y be 0/(-4 + -1 + 6). Suppose 2*m + 1593 = 3*w + 69, y = 3*m. What is the units digit of w?
8
Let d = -8 + 46. Let o(n) = 36*n**2 - n**2 + d*n**2. What is the units digit of o(-1)?
3
Let m(w) = -4*w**3 - w**2 + 17*w + 17. Let i = -159 - -153. What is the tens digit of m(i)?
4
Suppose 0 = -0*l + 2*l - 8. Let h be (l + 41 + 4)*1. Suppose s - 24 = h. What is the units digit of s?
3
Let d = 4666 - 1936. What is the hundreds digit of (10 - d/28)*(-15 + 1)?
2
Suppose 4*v - 11172 = 3*y - 7*y, -3*v + 8379 = -4*y. What is the units digit of v?
3
Let k(i) = 245*i**2 + 12*i - 19. Suppose -34*g + 42 + 26 = 0. What is the hundreds digit of k(g)?
9
Let u(r) = 7*r**3 - 6*r**2 + 6*r + 63. Let x be u(-4). Let g = x - -660. What is the units digit of g?
5
Let u = 39 + 7800. What is the thousands digit of u?
7
Suppose 5*p + 3 = 3*u, 5 = 3*p - 6*p + u. Let r be (-16)/48 - (-148)/18*p. What is the tens digit of (-958)/(-5) - ((-40)/r + -2)?
9
Suppose -5*x + 4846 = -3*s + 1341, -3*x = s - 2089. Let b = -428 + x. What is the hundreds digit of b?
2
Let y(f) = -119*f + 19. Let x be -5 + (-2)/(-7) + (-95)/(-35). What is the hundreds digit of y(x)?
2
Let j(u) = u**3 + 9*u**2 - 12. Let c be j(-9). Let q(s) = s + 2. Let x(g) = -3*g**2 - 22*g - 54. Let a(h) = -7*q(h) - x(h). What is the units digit of a(c)?
2
Let y = -1070 - -1763. Suppose 5*w = 2*w + y. What is the hundreds digit of w?
2
Suppose -6*h + 30 = -7*h. Let f be ((-3)/((-15)/(-34)))/(1/h). Suppose 166*c - 168*c = -f. What is the hundreds digit of c?
1
What is the tens digit of 482455/25 - (610/50 - 13)?
9
Let l(y) = -50 + 174 + 51*y + 203. What is the units digit of l(8)?
5
Suppose -2*z + h + 7087 = 0, -3540 = -42*z + 41*z + 4*h. What is the units digit of z?
4
Suppose 3*v + 2*t - 194 = 3*t, -4*v + 260 = -t. Let w = -63 + v. Suppose -4*d - 3*p + 103 = 0, d - w*p - 17 = 20. What is the tens digit of d?
2
Let z(v) = -v**3 - 15*v**2 + 55*v + 139. What is the tens digit of z(-35)?
1
Suppose 136 = -7*i + 353. Let d = 170 + i. What is the tens digit of d?
0
Let m be (2 - (-4)/(-1))*305/(-2). Let d = -160 + m. Let z = d + 14. What is the tens digit of z?
5
Suppose 2729 = -12*h + 7*h + 4*r, 4*h + 2178 = -2*r. Let c = -231 - h. What is the tens digit of c?
1
Let k(j) = -j + 4. Let s be k(2). Let i = -4 - -6. What is the hundreds digit of ((6 + -4)*i)/(s/55)?
1
Let t = -119768 + 201442. What is the units digit of t?
4
Let p = -142 + 106. What is the tens digit of p/(-6) - (4 - 255)?
5
Suppose 21*s + 23*s = 39*s. Suppose s = -3*b + 5*q + 2886 - 130, -5*b + 4612 = q. What is the units digit of b?
2
Suppose 14*n + 114 - 34 = 38. Let g(h) = 4*h - 2*h**2 + 6*h + 4*h**2 - 4*h**3. What is the units digit of g(n)?
6
What is the thousands digit of ((-25)/800*-421896)/((-3)/(-4))?
7
Let n(a) be the third derivative of a**4/2 - 4*a**3/3 + 8*a**2. Suppose 0 = -6*i - 41 + 47. What is the units digit of n(i)?
4
Let o(m) = -3*m**3 - 98*m**2 + 31*m - 63. Let u be o(-33). Let z(t) = 118*t**2 - 36*t - 2. What is the units digit of z(u)?
2
Suppose -3*q - 18 = -12*q. Suppose -2*g + 1122 = 2*z, q*g + z + 4*z = 1131. What is the tens digit of (-2)/7 + g/42?
1
Let i(w) = -6170*w + 503. What is the units digit of i(-3)?
3
Suppose 4*j - 2*i - 1340 = -0*i, -4*j = 3*i - 1360. Let s be (1928/12)/(2/3). Let r = j - s. What is the tens digit of r?
9
Let d(b) = 20 - 2*b + 29 - 17. Let n be d(8). Suppose -23 - n = -p. What is the tens digit of p?
3
Let i = 11295 + -5818. What is the units digit of i?
7
Suppose 0 = 9*c + 19*c - 40600. What is the units digit of c?
0
Let r = 6594 + -3885. What is the tens digit of r?
0
What is the hundreds digit of ((-537)/1)/(45/18)*155/(-2)?
6
Suppose -4*b + 99 = -3*o, -2*b + 3*o + 39 = -2*o. Let h = b + -9. What is the units digit of 255/h - 2/12?
4
Let n(r) = r**3 - 2*r**2 + r - 8. Let b be n(3). Let k be (2 - 11)/(10/b + -3). What is the tens digit of (-4)/k - (-1472)/144?
1
Let q(l) be the third derivative of -5*l**4/12 + 203*l**3/3 - 220*l**2. What is the tens digit of q(-50)?
0
Suppose 0 = 17*v + 26*v - 577060. What is the ten thousands digit of v?
1
What is the tens digit of 24/88 - (-288400)/154?
7
Suppose 12*u = -6*u + 108. Suppose 0 = -9*a + u*a + 4170. What is the thousands digit of a?
1
Let h(p) be the first derivative of p**3/3 + 19*p**2/2 - 52*p + 302. What is the units digit of h(-35)?
8
Let r be ((-6)/(-15))/(4/120). Suppose r*w - 13*w = -15. Let x = w - 13. What is the units digit of x?
2
Suppose -4*j = g - 2610, -5*j - 2*g = g - 3266. Suppose j - 154 = 6*k. What is the tens digit of k?
8
Let x(n) = n**2 - 6*n - 16. Let l be x(8). Let k be l + 1 - 1134/(-7). Suppose -2*w = 4*s - 98, -k = -3*w - s + 3*s. What is the tens digit of w?
5
Suppose 5*a - 5 = 55. Let g(y) = -y**3 + 12704509*y - 12704527*y - 2 + 3 + 14*y**2. What is the tens digit of g(a)?
7
Suppose -6*r + 3*t = -4*r - 15, 3*t - 21 = -4*r. Suppose -r*y = 4*a - 9*y - 3492, 3516 = 4*a + 3*y. What is the tens digit of a?
7
Suppose r + 4*x + 3 = -1, 2*r = -5*x - 2. Suppose -2*t + 1188 = 2*q, 8*q - r*q = 2*t - 1182. What is the hundreds digit of t?
5
Let u be ((-84)/36 - (-8)/6)*2. Let h be 275 + u + 5 + 0. Suppose -280*d = -h*d - 398. What is the hundreds digit of d?
1
Suppose -3*s = -12*s + 144. Suppose 3*z - 11*w = -s*w + 752, -5*z + 1280 = -5*w. What is the tens digit of z?
5
Let y(v) = 24*v**3 + 2*v**2 + 188*v - 1637. What is the tens digit of y(8)?
8
Let f(b) = -2*b**3 - 143*b**2 + 84*b - 457. What is the thousands digit of f(-76)?
5
Let c = -79 - -82. Suppose 2*h + 29 = c*w, 31 - 84 = -5*w + h. Suppose 0 = w*m - 145 - 2176. What is the tens digit of m?
1
Let y(s) = 2*s**3 - 4*s**2 + 2*s + 2. Let x be y(1). Suppose 601 = x*j + 45. What is the units digit of j?
8
Let y(n) = n**2 - 12*n + 16. Let q be y(11). Suppose 4*o - 644 = 4*p, q*o + 0*p - 784 = -2*p. Suppose -96 = -2*r + o. What is the units digit of r?
7
Let l be (-8489)/9 - 10/(-45). Let k = 1536 + l. What is the hundreds digit of k?
5
Let d(z) = 394*z**2 - 284*z - 13. What is the thousands digit of d(5)?
8
Let j = -263 + 315. Suppose 0 = 3*q - 20 - j. What is the tens digit of q?
2
Let k(g) = 3*g**3 - 82*g**2 - 6*g + 2. What is the hundreds digit of k(29)?
0
What is the tens digit of (43548*(-11)/(-176))/(6/16)?
5
Suppose -5*u = -4*v + 31, 2*u - 6*u + 8 = 5*v. Let t(d) = 4*d**2 - 3*d - 2. What is the tens digit of t(v)?
5
What is the thousands digit of (-60)/30 - (-14888)/(-6)*60/(-8)?
8
Let z = 125876 - 52867. What is the units digit of z?
9
Suppose -5*j + 2*t - 4*t = -40225, 3*t - 16101 = -2*j. What is the tens digit of j?
4
Suppose -2*m + 4 = -m. Let y be (4 + -3*(0 + m))/(-2). Suppose -y*b + 758 = -5*c, -b + 52 = c - 142. What is the hundreds digit of b?
1
Suppose -14*c - 8843 = -3201. Let q = c + 848. What is the tens digit of q?
4
Suppose -133748 = -3*i + 4*p, 3*p - 5 - 7 = 0. What is the ten thousands digit of i?
4
Suppose 1003 = -2*z + 19*z. Suppose 0*p + z = g + 2*p, -g + 59 = 3*p. What is the units digit of g?
9
Let p(v) = 6*v**2 - 16*v + 4. Let c be p(-5). Let z = c + -92. What is the units digit of z?
2
Let j = 403 - -686. Suppose -87 = 3*a - j. What 